01 - -13?
16014
In base 14, what is -2 - -1025b2?
1025b0
In base 11, what is -62 + -244?
-2a6
In base 10, what is -408 - -893?
485
In base 14, what is 0 - 2c4d3?
-2c4d3
In base 9, what is -5 + -643110?
-643115
In base 8, what is 41 + 2717?
2760
In base 10, what is 2915 + -170?
2745
In base 16, what is -1 + bb16?
bb15
In base 14, what is -3 - 1d945?
-1d948
In base 5, what is -3142 - 43441?
-102133
In base 12, what is 40b5 - -2?
40b7
In base 14, what is 351 - 351?
0
In base 7, what is 4631013 - 11?
4631002
In base 14, what is 82d + -3?
82a
In base 14, what is 48c42 - 5?
48c3b
In base 15, what is -1 - -b7337?
b7336
In base 10, what is 12725 - -48?
12773
In base 2, what is 1010001001000101 - -11?
1010001001001000
In base 5, what is -4 - 3311302?
-3311311
In base 13, what is 4 - -1bc4b?
1bc52
In base 12, what is -8050 - -3?
-8049
In base 10, what is -8 - -109519?
109511
In base 3, what is 10 - 121021002?
-121020222
In base 10, what is 2 - -557237?
557239
In base 6, what is -1 + -10130200?
-10130201
In base 8, what is 31745 + 0?
31745
In base 16, what is -a + b9a0?
b996
In base 2, what is 101111000101000110 - 0?
101111000101000110
In base 9, what is 2 - 31221?
-31218
In base 2, what is 1100101100011010 - -101?
1100101100011111
In base 6, what is 112 + 2514?
3030
In base 2, what is -11100011110 - 11110011?
-100000010001
In base 3, what is -210200102 - -2111?
-210120221
In base 2, what is -1010010010110 + 1100?
-1010010001010
In base 7, what is 120 + -323?
-203
In base 6, what is -2355405 - 12?
-2355421
In base 5, what is -120441 - -3143?
-112243
In base 13, what is -15 + -c480?
-c495
In base 8, what is -3064 + 16?
-3046
In base 4, what is -13331 + 30003?
10012
In base 8, what is -32 - 15730?
-15762
In base 6, what is -12 - 204414?
-204430
In base 15, what is -1 + -453?
-454
In base 2, what is 100 + -10111001000010101?
-10111001000010001
In base 10, what is 4 - -12492?
12496
In base 6, what is 33403143 - 1?
33403142
In base 6, what is -140 - -1243?
1103
In base 9, what is -424 + -1336?
-1761
In base 12, what is -1458 - 1?
-1459
In base 4, what is -2322301 - 0?
-2322301
In base 8, what is 1 + 242536?
242537
In base 3, what is -1000022221 + 22?
-1000022122
In base 13, what is -977 - 34?
-9ab
In base 8, what is 56 + -225?
-147
In base 2, what is 10 - 1111101001100110?
-1111101001100100
In base 8, what is 606 + 2057?
2665
In base 14, what is d5c - -75d?
16bb
In base 12, what is 595 - -254?
829
In base 10, what is 3 - 24752?
-24749
In base 8, what is -5 - 16754?
-16761
In base 6, what is -1240 + -20515?
-22155
In base 4, what is 111231 + 203?
112100
In base 10, what is -12085 - 10?
-12095
In base 13, what is -19c + 333?
164
In base 9, what is 10 - -48567?
48577
In base 10, what is 712 - 367?
345
In base 10, what is -299 - -4531?
4232
In base 8, what is 324 + -1371?
-1045
In base 2, what is -1110011110000 - -11?
-1110011101101
In base 4, what is -2131 - -1031?
-1100
In base 6, what is 21 - 245424?
-245403
In base 3, what is -11 + 21222002021?
21222002010
In base 3, what is -120222121 + 121?
-120222000
In base 5, what is -43231 - 1?
-43232
In base 13, what is -5 + -41b1?
-41b6
In base 15, what is 3 - 4729?
-4726
In base 15, what is -1 - -538c?
538b
In base 4, what is -2113 - -3321?
1202
In base 8, what is -32 + -12451?
-12503
In base 5, what is -31323132 + -10?
-31323142
In base 3, what is 112202101 - 1?
112202100
In base 16, what is 1c68 - 6?
1c62
In base 14, what is -583 + -45?
-5c8
In base 4, what is -101120022 - -12?
-101120010
In base 12, what is -18 + -2573?
-258b
In base 14, what is 3 + -b38?
-b35
In base 5, what is 23324204 - -2?
23324211
In base 10, what is -26 - -265861?
265835
In base 10, what is -191850 - -28?
-191822
In base 14, what is 213c - 59?
20c3
In base 7, what is 100 + -15056?
-14656
In base 15, what is 6 + -2b4?
-2ad
In base 10, what is 1571 - 346?
1225
In base 10, what is 25 + 11523?
11548
In base 5, what is 0 - 2200003?
-2200003
In base 7, what is 4 + -12631?
-12624
In base 11, what is -71a + 77?
-653
In base 7, what is -2510641 + -3?
-2510644
In base 5, what is 1 + -213003?
-213002
In base 7, what is 32 - -34533?
34565
In base 5, what is 1201 + -1134211?
-1133010
In base 2, what is 110111010 - -1011110?
1000011000
In base 13, what is -a969 + 4?
-a965
In base 14, what is 10 - d93?
-d83
In base 13, what is 34cb + 9?
3507
In base 5, what is 10 + -211241041?
-211241031
In base 14, what is -1d - -30a0d?
309d0
In base 6, what is 34 - -10424?
10502
In base 5, what is -103012210 - 10?
-103012220
In base 7, what is -1101406 - 10?
-1101416
In base 5, what is 443204 + -12?
443142
In base 15, what is -3 + -cc741?
-cc744
In base 3, what is -10 + -100122201210?
-100122201220
In base 15, what is -11b9 - -4?
-11b5
In base 6, what is 135 - 305?
-130
In base 14, what is 7179a - -4?
717a0
In base 2, what is 1101001111001001 + 10110?
1101001111011111
In base 12, what is ba + 1a8?
2a6
In base 15, what is 4 + 8c2?
8c6
In base 2, what is -11101100010100 - 111?
-11101100011011
In base 16, what is 4b89a + 0?
4b89a
In base 6, what is -13335 - 421?
-14200
In base 11, what is 11 + -31345?
-31334
In base 16, what is 25 - -5ece?
5ef3
In base 4, what is 100310310 - -21?
100310331
In base 5, what is 10441 + 24003?
34444
In base 7, what is 206 + -105?
101
In base 11, what is -156 + 164a2?
16347
In base 15, what is -63092 - -5?
-6308c
In base 16, what is -4 - -6ccf?
6ccb
In base 2, what is -10110100010001000100 + -101?
-10110100010001001001
In base 11, what is -312 - -56?
-267
In base 8, what is -10053 + -1233?
-11306
In base 15, what is 47a - -1d?
498
In base 7, what is -22 + 63333?
63311
In base 3, what is 12 + 2111222122?
2111222211
In base 5, what is -14202003 + -4?
-14202012
In base 3, what is 101001001022 + -10?
101001001012
In base 9, what is 1 + -227884?
-227883
In base 13, what is 9b2 + -391?
621
In base 6, what is 3505500 + -5?
3505451
In base 15, what is -1 + -1bdd?
-1bde
In base 16, what is 1 + fd0?
fd1
In base 16, what is -2a8df + -2?
-2a8e1
In base 6, what is 5253342 - -2?
5253344
In base 11, what is -94 - 7994?
-7a78
In base 11, what is 17a + 4a42?
5111
In base 15, what is 26 + -7c18?
-7be2
In base 11, what is -4 + -1274?
-1278
In base 2, what is 0 + 110101001110010000000?
110101001110010000000
In base 10, what is 9 + -24443?
-24434
In base 15, what is 6549 - 5?
6544
In base 15, what is -19b2bc - -5?
-19b2b7
In base 9, what is 2 - 18531?
-18528
In base 3, what is -1211 + -100?
-2011
In base 3, what is 2100101002 + -11?
2100100221
In base 3, what is 11 + -210020022021?
-210020022010
In base 7, what is 230 - -6000?
6230
In base 9, what is 37 + -23083?
-23045
In base 2, what is 100 - 111010101110?
-111010101010
In base 12, what is -3918 - -58?
-3880
In base 14, what is 2543 - -2?
2545
In base 8, what is -32 + -12142?
-12174
In base 3, what is 211211 + 1112?
220100
In base 4, what is -1213200221 - 10?
-1213200231
In base 8, what is 471602 - 6?
471574
In base 13, what is -2 + 78b0?
78ab
In base 2, what is -100 + -10101011101010?
-10101011101110
In base 9, what is -28524 - 5?
-28530
In base 2, what is 10000001000101001 + -1100?
10000001000011101
In base 5, what is 32142 + -2123?
30014
In base 14, what is 261d + 96?
26b5
In base 8, what is 31361 + 13?
31374
In base 10, what is 3 + -2803?
-2800
In base 10, what is -280 + -417?
-697
In base 12, what is -1 - -309?
308
In base 5, what is -14 + 44220314?
44220300
In base 16, what is a - -5d?
67
In base 11, what is -1a8 + 23?
-185
In base 7, what is -442 - -2463?
2021
In base 3, what is -212220 - 1102102?
-2022022
In base 7, what is 354406 + 2?
354411
In base 4, what is 1113 - -10100?
11213
In base 12, what is -15 - 12344?
-12359
In base 9, what is -1 + -188020?
-188021
In base 11, what is -169 - -132?
-37
In base 10, what is -217 - -631?
414
In base 14, what is ab8 + 16?
ad0
In base 9, what is -287 - 1246?
-1544
In base 2, what is -101001100101 - 1001101101?
-110011010010
In base 15, what is -13 - 8a8?
-8bb
In base 2, what is -1010 - 110001100001?
-110001101011
In base 9, what is -2412 + -2815?
-5327
In base 11, what is 4 - 103a?
-1036
In base 7, what is 340252 + 4?
340256
In base 15, what is -1a - d3e?
-d59
In base 12, what is 0 + 14638?
14638
In base 6, what is -320 - -4035?
3315
In base 14, what is -27 - -